ase 6.
4
Convert 1 (base 5) to base 10.
1
30 (base 6) to base 14
14
Convert -44 (base 9) to base 7.
-55
Convert -11 (base 13) to base 9.
-15
Convert -111 (base 2) to base 4.
-13
Convert -1 (base 7) to base 3.
-1
Convert -334 (base 5) to base 2.
-1011110
Convert -201 (base 8) to base 3.
-11210
What is 10 (base 9) in base 15?
9
Convert -146 (base 11) to base 8.
-253
3 (base 11) to base 15
3
What is -1000 (base 2) in base 10?
-8
Convert -194 (base 12) to base 16.
-100
Convert 11 (base 7) to base 14.
8
What is 6 (base 9) in base 2?
110
-1a (base 14) to base 5
-44
Convert -1 (base 7) to base 8.
-1
Convert -18 (base 12) to base 14.
-16
What is 22 (base 14) in base 13?
24
-23 (base 10) to base 6
-35
What is -430 (base 7) in base 9?
-261
What is -140 (base 10) in base 9?
-165
-11102 (base 3) to base 12
-9b
What is -3 (base 9) in base 11?
-3
10 (base 2) to base 4
2
6 (base 14) to base 6
10
Convert -311 (base 4) to base 11.
-49
What is -11 (base 6) in base 12?
-7
What is -1d (base 15) in base 8?
-34
What is -2a (base 13) in base 3?
-1100
Convert -350 (base 11) to base 10.
-418
0 (base 3) to base 11
0
Convert -76 (base 11) to base 2.
-1010011
Convert b6 (base 14) to base 11.
136
What is -232 (base 4) in base 12?
-3a
b0 (base 15) to base 6
433
-70 (base 15) to base 8
-151
1 (base 13) to base 16
1
What is -112 (base 12) in base 3?
-12212
What is 17 (base 8) in base 5?
30
What is -23 (base 12) in base 8?
-33
30a (base 11) to base 3
111211
-8 (base 11) to base 4
-20
Convert 2a5 (base 12) to base 10.
413
b1 (base 14) to base 2
10011011
-4 (base 7) to base 3
-11
What is 7 (base 14) in base 4?
13
What is 22 (base 4) in base 14?
a
Convert 2 (base 12) to base 16.
2
Convert -6 (base 16) to base 11.
-6
Convert -10101110 (base 2) to base 5.
-1144
What is 3 (base 7) in base 3?
10
What is -101 (base 5) in base 2?
-11010
Convert 21 (base 9) to base 11.
18
-1211 (base 4) to base 10
-101
312 (base 4) to base 2
110110
Convert 8 (base 12) to base 5.
13
What is 138 (base 11) in base 2?
10100010
What is 6 (base 15) in base 11?
6
Convert -cc (base 14) to base 9.
-220
Convert 5 (base 7) to base 2.
101
Convert 10 (base 4) to base 7.
4
What is 18 (base 12) in base 10?
20
Convert 12 (base 6) to base 10.
8
27 (base 8) to base 14
19
Convert -1020 (base 3) to base 13.
-27
What is 53 (base 10) in base 5?
203
-18d (base 14) to base 6
-1253
Convert -20 (base 4) to base 2.
-1000
2 (base 4) to base 2
10
2 (base 3) to base 6
2
What is -c0 (base 16) in base 10?
-192
10 (base 6) to base 8
6
Convert -1 (base 3) to base 9.
-1
342 (base 9) to base 3
101102
33 (base 11) to base 15
26
Convert -21 (base 10) to base 3.
-210
Convert -3 (base 11) to base 10.
-3
4 (base 9) to base 6
4
What is 46 (base 10) in base 11?
42
-21 (base 3) to base 11
-7
101 (base 2) to base 5
10
66 (base 11) to base 16
48
3e (base 15) to base 2
111011
What is -2031 (base 4) in base 13?
-ab
Convert 46 (base 15) to base 3.
2110
31 (base 6) to base 2
10011
-1 (base 6) to base 9
-1
Convert -20 (base 10) to base 12.
-18
Convert -7 (base 15) to base 3.
-21
-1213 (base 6) to base 5
-2142
14 (base 9) to base 15
d
What is 540 (base 7) in base 13?
180
Convert -6 (base 13) to base 7.
-6
1 (base 8) to base 10
1
What is 1 (base 15) in base 6?
1
Convert -8d (base 14) to base 15.
-85
What is 13 (base 16) in base 2?
10011
What is -20 (base 7) in base 12?
-12
What is 24 (base 6) in base 14?
12
Convert -22 (base 4) to base 13.
-a
8 (base 9) to base 15
8
Convert -1203 (base 4) to base 16.
-63
What is 3 (base 15) in base 7?
3
What is 2 (base 15) in base 4?
2
What is 0 (base 12) in base 4?
0
-29 (base 11) to base 3
-1011
-29 (base 13) to base 10
-35
Convert 4 (base 16) to base 4.
10
-352 (base 8) to base 6
-1030
181 (base 9) to base 7
310
Convert 0 (base 13) to base 11.
0
-4 (base 14) to base 10
-4
221 (base 5) to base 7
115
-5 (base 16) to base 7
-5
Convert 7 (base 9) to base 10.
7
What is -5 (base 7) in base 6?
-5
0 (base 12) to base 14
0
Convert -10 (base 10) to base 7.
-13
Convert -3 (base 11) to base 13.
-3
Convert 4 (base 6) to base 8.
4
What is 23 (base 4) in base 2?
1011
-3 (base 6) to base 4
-3
0 (base 9) to base 14
0
12 (base 7) to base 3
100
Convert 79 (base 12) to base 11.
85
1010 (base 2) to base 15
a
-10010 (base 2) to base 14
-14
-3 (base 16) to base 8
-3
What is 2 (base 10) in base 8?
2
What is 3 (base 15) in base 3?
10
Convert 33 (base 6) to base 12.
19
-366 (base 7) to base 14
-dd
What is -4 (base 6) in base 14?
-4
What is 2 (base 5) in base 9?
2
40 (base 5) to base 10
20
Convert -2 (base 10) to base 13.
-2
What is 1 (base 3) in base 9?
1
111 (base 2) to base 3
21
Convert -1201 (base 3) to base 8.
-56
-11 (base 3) to base 13
-4
-61 (base 10) to base 13
-49
-46 (base 12) to base 4
-312
Convert -41 (base 8) to base 6.
-53
Convert -200 (base 4) to base 9.
-35
What is 0 (base 7) in base 3?
0
Convert 1 (base 11) to base 12.
1
202 (base 5) to base 2
110100
Convert -f (base 16) to base 15.
-10
Convert 7 (base 14) to base 13.
7
Convert 46 (base 16) to base 2.
1000110
3a (base 14) to base 3
1221
-2 (base 6) to base 8
-2
What is -5 (base 7) in base 15?
-5
10 (base 2) to base 7
2
3 (base 13) to base 15
3
1 (base 4) to base 13
1
What is -4 (base 12) in base 3?
-11
Convert 0 (base 4) to base 2.
0
3 (base 16) to base 5
3
Convert -7 (base 12) to base 3.
-21
What is -103 (base 5) in base 13?
-22
101001 (base 2) to base 14
2d
Convert 35 (base 7) to base 8.
32
What is 13 (base 9) in base 3?
110
9 (base 15) to base 13
9
What is 66 (base 9) in base 16?
3c
What is -2 (base 7) in base 16?
-2
Convert 41 (base 5) to base 10.
21
21 (base 9) to base 12
17
2 (base 8) to base 3
2
-23 (base 13) to base 16
-1d
What is -41 (base 10) in base 8?
-51
What is 4 (base 9) in base 4?
10
Convert -27 (base 15) to base 11.
-34
Convert -35 (base 13) to base 16.
-2c
0 (base 14) to base 5
0
Convert 21 (base 4) to base 3.
100
-102 (base 4) to base 3
-200
-40 (base 12) to base 5
-143
What is -101110 (base 2) in base 9?
-51
What is 0 (base 16) in base 10?
0
What is 211 (base 6) in base 14?
59
What is -8 (base 11) in base 2?
-1000
Convert 2 (base 3) to base 12.
2
What is 24 (base 7) in base 6?
30
Convert 6 (base 13) to base 15.
6
What is -1c (base 13) in base 5?
-100
Convert -4 (base 12) to base 8.
-4
9 (base 10) to base 6
13
-4 (base 14) to base 16
-4
Convert -1 (base 12) to base 16.
-1
What is 615 (base 7) in base 9?
370
23 (base 6) to base 3
120
5 (base 12) to base 6
5
Convert -91 (base 13) to base 11.
-a8
Convert 116 (base 12) to base 9.
200
Convert 155 (base 7) to base 14.
65
12 (base 10) to base 5
22
What is -101001 (base 2) in base 12?
-35
23 (base 5) to base 14
d
What is -3 (base 13) in base 5?
-3
What is -44 (base 8) in base 14?
-28
What is -24 (base 6) in base 12?
-14
Convert 58 (base 12) to base 6.
152
What is 0 (base 4) in base 13?
0
What is 0 (base 2) in base 5?
0
Convert -1 (base 5) to base 7.
-1
Convert 14 (base 15) to base 6.
31
Convert 27 (base 16) to base 12.
33
11 (base 8) to base 4
21
11 (base 11) to base 9
13
103 (base 4) to base 7
25
What is 4 (base 12) in base 13?
4
What is 208 (base 12) in base 4?
10220
What is -13 (base 5) in base 14?
-8
5 (base 12) to base 15
5
-10011 (base 2) to base 15
-14
Convert 12 (base 13) to base 7.
21
What is 100 (base 3) in base 11?
9
Convert 81 (base 9) to base 14.
53
-1101 (base 3) to base 16
-25
Convert 156 (base 16) to base 2.
101010110
Convert 10011 (base 2) to base 3.
201
-10 (base 2) to base 12
-2
What is 68 (base 10) in base 2?
1000100
3 (base 8) to base 16
3
Convert -b3 (base 14) to base 5.
-1112
What is 78 (base 13) in base 2?
1100011
What is 101100 (base 2) in base 12?
38
19 (base 11) to base 9
22
64 (base 7) to base 15
31
Convert -10 (base 3) to base 15.
-3
Convert 66 (base 13) to base 10.
84
Convert -28 (base 10) to base 4.
-130
Convert -44 (base 14) to base 11.
-55
What is -9b (base 15) in base 2?
-10010010
a (base 12) to base 11
a
What is 51 (base 14) in base 8?
107
Convert 2 (base 11) to base 5.
2
22 (base 11) to base 12
20
What is 181 (base 14) in base 9?
373
What is 3 (base 16) in base 7?
3
What is b (base 16) in base 15?
b
-d (base 16) to base 15
-d
What is -24 (base 15) in base 10?
-34
-11001 (base 2) to base 6
-41
27 (base 16) to base 10
39
What is 3 (base 7) in base 13?
3
Convert -1 (base 13) to 